{"id":46,"date":"2020-10-03T15:43:59","date_gmt":"2020-10-03T15:43:59","guid":{"rendered":"https:\/\/physio-pro.hu\/?page_id=46"},"modified":"2021-10-28T09:04:59","modified_gmt":"2021-10-28T09:04:59","slug":"gyogytorna","status":"publish","type":"page","link":"https:\/\/physio-pro.hu\/index.php\/gyogytorna\/","title":{"rendered":"Gy\u00f3gytorna"},"content":{"rendered":"<p>[et_pb_section fb_built=&#8221;1&#8243; _builder_version=&#8221;4.11.4&#8243; _module_preset=&#8221;default&#8221; hover_enabled=&#8221;0&#8243; global_colors_info=&#8221;{}&#8221; animation_style=&#8221;fade&#8221; sticky_enabled=&#8221;0&#8243; custom_margin=&#8221;-18px|||||&#8221;][et_pb_row column_structure=&#8221;1_2,1_2&#8243; _builder_version=&#8221;4.11.3&#8243; _module_preset=&#8221;default&#8221; custom_padding=&#8221;14px||0px|||&#8221; global_colors_info=&#8221;{}&#8221; custom_margin=&#8221;-24px|auto||auto||&#8221;][et_pb_column type=&#8221;1_2&#8243; _builder_version=&#8221;4.11.3&#8243; _module_preset=&#8221;default&#8221; global_colors_info=&#8221;{}&#8221;][et_pb_slider show_arrows=&#8221;off&#8221; show_pagination=&#8221;off&#8221; use_bg_overlay=&#8221;on&#8221; use_text_overlay=&#8221;off&#8221; _builder_version=&#8221;4.11.3&#8243; _dynamic_attributes=&#8221;link_option_url&#8221; _module_preset=&#8221;default&#8221; header_font=&#8221;ABeeZee||||||||&#8221; header_text_align=&#8221;center&#8221; header_font_size=&#8221;49px&#8221; background_image=&#8221;https:\/\/physio-pro.hu\/wp-content\/uploads\/2021\/07\/EA4A91DC-900B-4D9E-A3D3-34BF77AF1BB6_1_201_a-1-scaled.jpg&#8221; background_position=&#8221;bottom_right&#8221; min_height=&#8221;415.8px&#8221; custom_padding=&#8221;85px|||||&#8221; link_option_url=&#8221;@ET-DC@eyJkeW5hbWljIjp0cnVlLCJjb250ZW50IjoicG9zdF9saW5rX3VybF9wYWdlIiwic2V0dGluZ3MiOnsicG9zdF9pZCI6IjM5In19@&#8221; global_colors_info=&#8221;{}&#8221;][et_pb_slide heading=&#8221;Gy\u00f3gytorna&#8221; use_bg_overlay=&#8221;on&#8221; _builder_version=&#8221;4.11.3&#8243; _module_preset=&#8221;default&#8221; header_font=&#8221;Arial||||||||&#8221; header_text_align=&#8221;center&#8221; background_enable_color=&#8221;off&#8221; custom_button=&#8221;on&#8221; button_use_icon=&#8221;off&#8221; header_text_shadow_style=&#8221;preset1&#8243; global_colors_info=&#8221;{}&#8221; sticky_transition=&#8221;on&#8221;][\/et_pb_slide][\/et_pb_slider][\/et_pb_column][et_pb_column type=&#8221;1_2&#8243; _builder_version=&#8221;4.11.3&#8243; _module_preset=&#8221;default&#8221; global_colors_info=&#8221;{}&#8221;][et_pb_text quote_border_color=&#8221;rgba(3,84,107,0.4)&#8221; _builder_version=&#8221;4.11.3&#8243; _module_preset=&#8221;default&#8221; quote_text_align=&#8221;justify&#8221; quote_text_color=&#8221;#666666&#8243; text_orientation=&#8221;justified&#8221; min_height=&#8221;431px&#8221; custom_margin=&#8221;-22px|||||&#8221; custom_padding=&#8221;|22px||||&#8221; global_colors_info=&#8221;{}&#8221;]<\/p>\n<blockquote>\n<p>A gy\u00f3gytorna a mozg\u00e1sszervi panaszokat kezel\u0151, rehabilit\u00e1ci\u00f3s \u00e9s prevenci\u00f3s elveket egyar\u00e1nt mag\u00e1ba foglal\u00f3 konzervat\u00edv ter\u00e1pi\u00e1s m\u00f3dszer. Els\u0151dleges c\u00e9lja a f\u00e1jdalom enyh\u00edt\u00e9se, megsz\u00fcntet\u00e9se illetve a mozg\u00e1sterjedelem \u00e9s min\u0151s\u00e9g jav\u00edt\u00e1sa. Rendel\u0151nkben a kezel\u00e9seket minden esetben r\u00e9szletes, egy\u00e9nre szabott anamn\u00e9zisfelv\u00e9tel el\u0151zi meg, mely alapj\u00e1n a kiv\u00e1lasztjuk a lehet\u0151 legoptim\u00e1lisabb ter\u00e1pi\u00e1s m\u00f3dszereket, illetve a r\u00f6vid- \u00e9s hossz\u00fa t\u00e1v\u00fa kezel\u00e9si tervet. C\u00e9lunk a lehet\u0151 leggyorsabb \u00e9s legeredm\u00e9nyesebb rehabilit\u00e1ci\u00f3, mely sor\u00e1n m\u00e1r az els\u0151 alkalommal szeretn\u00e9nk javul\u00e1st el\u00e9rni, ezt egy\u00e9nre szabott h\u00e1zi feladatok ad\u00e1s\u00e1val is szeretn\u00e9nk meger\u0151s\u00edteni, tov\u00e1bb jav\u00edtani.<span> <\/span><\/p>\n<\/blockquote>\n<div style=\"text-align: justify;\"><\/div>\n<p>[\/et_pb_text][\/et_pb_column][\/et_pb_row][et_pb_row column_structure=&#8221;1_2,1_2&#8243; _builder_version=&#8221;4.11.3&#8243; _module_preset=&#8221;default&#8221; global_colors_info=&#8221;{}&#8221; custom_padding=&#8221;||0px|||&#8221;][et_pb_column type=&#8221;1_2&#8243; _builder_version=&#8221;4.11.3&#8243; _module_preset=&#8221;default&#8221; global_colors_info=&#8221;{}&#8221;][et_pb_slider show_arrows=&#8221;off&#8221; show_pagination=&#8221;off&#8221; use_bg_overlay=&#8221;on&#8221; use_text_overlay=&#8221;off&#8221; _builder_version=&#8221;4.11.3&#8243; _dynamic_attributes=&#8221;link_option_url&#8221; _module_preset=&#8221;default&#8221; header_font=&#8221;ABeeZee||||||||&#8221; header_text_align=&#8221;center&#8221; header_font_size=&#8221;42px&#8221; background_image=&#8221;https:\/\/physio-pro.hu\/wp-content\/uploads\/2021\/07\/5C66E321-D9C3-4E33-BAB4-D23C6E490556_1_201_a-5-scaled.jpg&#8221; min_height=&#8221;264.8px&#8221; link_option_url=&#8221;@ET-DC@eyJkeW5hbWljIjp0cnVlLCJjb250ZW50IjoicG9zdF9saW5rX3VybF9wYWdlIiwic2V0dGluZ3MiOnsicG9zdF9pZCI6IjM5In19@&#8221; global_colors_info=&#8221;{}&#8221; custom_margin=&#8221;||15px|||&#8221;][et_pb_slide heading=&#8221;Manu\u00e1lter\u00e1pia&#8221; use_bg_overlay=&#8221;on&#8221; _builder_version=&#8221;4.11.3&#8243; _module_preset=&#8221;default&#8221; header_font=&#8221;Arial||||||||&#8221; header_text_align=&#8221;center&#8221; background_enable_color=&#8221;off&#8221; background_image=&#8221;https:\/\/physio-pro.hu\/wp-content\/uploads\/2021\/07\/5C66E321-D9C3-4E33-BAB4-D23C6E490556_1_201_a-5-scaled.jpg&#8221; background_enable_image=&#8221;on&#8221; header_text_shadow_style=&#8221;preset1&#8243; global_colors_info=&#8221;{}&#8221; sticky_transition=&#8221;on&#8221;][\/et_pb_slide][\/et_pb_slider][\/et_pb_column][et_pb_column type=&#8221;1_2&#8243; _builder_version=&#8221;4.11.3&#8243; _module_preset=&#8221;default&#8221; global_colors_info=&#8221;{}&#8221;][et_pb_text quote_border_color=&#8221;rgba(3,84,107,0.4)&#8221; _builder_version=&#8221;4.11.3&#8243; _module_preset=&#8221;default&#8221; quote_text_align=&#8221;justify&#8221; quote_text_color=&#8221;#666666&#8243; text_orientation=&#8221;justified&#8221; min_height=&#8221;278px&#8221; custom_margin=&#8221;-19px|||||&#8221; custom_padding=&#8221;|16px|0px|||&#8221; global_colors_info=&#8221;{}&#8221;]<\/p>\n<blockquote>\n<div><span>Gy\u00f3gytorna kezel\u00e9seink k\u00f6zben a lehet\u0151 legoptim\u00e1lisabb kezel\u00e9s r\u00e9szek\u00e9nt haszn\u00e1lunk manu\u00e1lter\u00e1pi\u00e1s m\u00f3dszereket is, melyek sor\u00e1n a p\u00e1cienssel egy\u00fcttm\u0171k\u00f6dve v\u00e9gz\u00fcnk akt\u00edv \u00e9s passz\u00edv mobiliz\u00e1ci\u00f3s technik\u00e1kat. Az \u00e1ltalunk haszn\u00e1lt l\u00e1gyr\u00e9sz \u00e9s \u00edz\u00fcleti mobiliz\u00e1ci\u00f3s manu\u00e1lter\u00e1pi\u00e1s fog\u00e1sok biztons\u00e1gosak \u00e9s j\u00f3 hat\u00e9konys\u00e1ggal enyh\u00edtik a f\u00e1jdalmat, n\u00f6velik a mozg\u00e1sterjedelmet \u00e9s jav\u00edtj\u00e1k a mozg\u00e1smin\u0151s\u00e9get. <\/span><\/div>\n<\/blockquote>\n<div style=\"text-align: justify;\"><\/div>\n<p>[\/et_pb_text][\/et_pb_column][\/et_pb_row][et_pb_row column_structure=&#8221;1_2,1_2&#8243; _builder_version=&#8221;4.11.3&#8243; _module_preset=&#8221;default&#8221; global_colors_info=&#8221;{}&#8221; custom_margin=&#8221;-1px|auto||auto||&#8221;][et_pb_column type=&#8221;1_2&#8243; _builder_version=&#8221;4.11.3&#8243; _module_preset=&#8221;default&#8221; global_colors_info=&#8221;{}&#8221;][et_pb_slider show_arrows=&#8221;off&#8221; show_pagination=&#8221;off&#8221; use_bg_overlay=&#8221;on&#8221; use_text_overlay=&#8221;off&#8221; _builder_version=&#8221;4.11.3&#8243; _dynamic_attributes=&#8221;link_option_url&#8221; _module_preset=&#8221;default&#8221; header_font=&#8221;ABeeZee||||||||&#8221; header_text_align=&#8221;center&#8221; header_font_size=&#8221;49px&#8221; background_image=&#8221;https:\/\/physio-pro.hu\/wp-content\/uploads\/2021\/07\/5C66E321-D9C3-4E33-BAB4-D23C6E490556_1_201_a-5-scaled.jpg&#8221; min_height=&#8221;444.8px&#8221; link_option_url=&#8221;@ET-DC@eyJkeW5hbWljIjp0cnVlLCJjb250ZW50IjoicG9zdF9saW5rX3VybF9wYWdlIiwic2V0dGluZ3MiOnsicG9zdF9pZCI6IjM5In19@&#8221; global_colors_info=&#8221;{}&#8221;][et_pb_slide heading=&#8221;Sports\u00e9r\u00fcl\u00e9sek rehabilit\u00e1ci\u00f3ja&#8221; use_bg_overlay=&#8221;on&#8221; _builder_version=&#8221;4.11.3&#8243; _module_preset=&#8221;default&#8221; header_level=&#8221;h2&#8243; header_font=&#8221;Arial||||||||&#8221; header_text_align=&#8221;center&#8221; header_font_size=&#8221;41px&#8221; background_enable_color=&#8221;off&#8221; background_image=&#8221;https:\/\/physio-pro.hu\/wp-content\/uploads\/2021\/07\/3967AA3D-F451-4AAC-A8EB-B3C5C69F9FE3_1_201_a-2-scaled.jpg&#8221; background_enable_image=&#8221;on&#8221; background_position=&#8221;bottom_left&#8221; custom_button=&#8221;on&#8221; button_use_icon=&#8221;off&#8221; header_text_shadow_style=&#8221;preset1&#8243; global_colors_info=&#8221;{}&#8221; sticky_transition=&#8221;on&#8221;][\/et_pb_slide][\/et_pb_slider][\/et_pb_column][et_pb_column type=&#8221;1_2&#8243; _builder_version=&#8221;4.11.3&#8243; _module_preset=&#8221;default&#8221; global_colors_info=&#8221;{}&#8221;][et_pb_text quote_border_color=&#8221;rgba(3,84,107,0.4)&#8221; _builder_version=&#8221;4.11.3&#8243; _module_preset=&#8221;default&#8221; quote_text_align=&#8221;justify&#8221; quote_text_color=&#8221;#666666&#8243; text_orientation=&#8221;justified&#8221; custom_margin=&#8221;-21px||22px|||&#8221; custom_padding=&#8221;|16px||||&#8221; global_colors_info=&#8221;{}&#8221;]<\/p>\n<blockquote>\n<div><span>Csapatunkat olyan gy\u00f3gytorn\u00e1szok er\u0151s\u00edtik, akik er\u0151nl\u00e9ti edz\u0151k\u00e9nt is up to date tud\u00e1ssal rendelkeznek, t\u00f6bb sportcsapatn\u00e1l dolgoznak (k\u00e9zilabda, labdar\u00fag\u00e1s, atl\u00e9tika, ker\u00e9kp\u00e1r) \u00e9s maguk is akt\u00edvan sportolnak.<br \/>Szeml\u00e9let\u00fcnk alapj\u00e1n a gy\u00f3gytorna \u00e1ltal v\u00e9gzett rehabilit\u00e1ci\u00f3 \u00e9s az er\u0151nl\u00e9ti edz\u00e9sek f\u00f3kusz\u00e1ban l\u00e9v\u0151 teljes\u00edtm\u00e9nyfokoz\u00e1s egy spektrumon helyezkedik el, mi pedig ezt a teljes folyamatot \u00e1tl\u00e1tjuk. <br \/>Sportol\u00f3inkkal v\u00e9gzett rehabilit\u00e1ci\u00f3 sor\u00e1n nagyon nagy figyelmet ford\u00edtunk a sport\u00e1gspecifikus ig\u00e9nyekre, terhel\u00e9sre, ezzel minimaliz\u00e1lva az \u00fajras\u00e9r\u00fcl\u00e9s es\u00e9ly\u00e9t. <br \/>Gazdag eszk\u00f6zparkunkat is kifejezetten sports\u00e9r\u00fcl\u00e9sek kezel\u00e9se c\u00e9lj\u00e1b\u00f3l v\u00e1logattuk \u00f6ssze.<\/span><\/div>\n<div><\/div>\n<\/blockquote>\n<div style=\"text-align: justify;\"><\/div>\n<p>[\/et_pb_text][\/et_pb_column][\/et_pb_row][\/et_pb_section]<\/p>\n","protected":false},"excerpt":{"rendered":"<p>Gy\u00f3gytorna A gy\u00f3gytorna a mozg\u00e1sszervi panaszokat&#8230;<\/p>\n","protected":false},"author":2,"featured_media":193,"parent":0,"menu_order":0,"comment_status":"closed","ping_status":"closed","template":"","meta":{"_et_pb_use_builder":"on","_et_pb_old_content":"","_et_gb_content_width":""},"_links":{"self":[{"href":"https:\/\/physio-pro.hu\/index.php\/wp-json\/wp\/v2\/pages\/46"}],"collection":[{"href":"https:\/\/physio-pro.hu\/index.php\/wp-json\/wp\/v2\/pages"}],"about":[{"href":"https:\/\/physio-pro.hu\/index.php\/wp-json\/wp\/v2\/types\/page"}],"author":[{"embeddable":true,"href":"https:\/\/physio-pro.hu\/index.php\/wp-json\/wp\/v2\/users\/2"}],"replies":[{"embeddable":true,"href":"https:\/\/physio-pro.hu\/index.php\/wp-json\/wp\/v2\/comments?post=46"}],"version-history":[{"count":17,"href":"https:\/\/physio-pro.hu\/index.php\/wp-json\/wp\/v2\/pages\/46\/revisions"}],"predecessor-version":[{"id":752,"href":"https:\/\/physio-pro.hu\/index.php\/wp-json\/wp\/v2\/pages\/46\/revisions\/752"}],"wp:featuredmedia":[{"embeddable":true,"href":"https:\/\/physio-pro.hu\/index.php\/wp-json\/wp\/v2\/media\/193"}],"wp:attachment":[{"href":"https:\/\/physio-pro.hu\/index.php\/wp-json\/wp\/v2\/media?parent=46"}],"curies":[{"name":"wp","href":"https:\/\/api.w.org\/{rel}","templated":true}]}}