{"id":414,"date":"2021-10-16T18:01:00","date_gmt":"2021-10-16T18:01:00","guid":{"rendered":"https:\/\/physio-pro.hu\/?page_id=414"},"modified":"2021-10-28T10:49:41","modified_gmt":"2021-10-28T10:49:41","slug":"bemutatkozas-nv","status":"publish","type":"page","link":"https:\/\/physio-pro.hu\/index.php\/rolunk-2\/bemutatkozas-nv\/","title":{"rendered":"Bemutatkoz\u00e1s"},"content":{"rendered":"<p>[et_pb_section fb_built=&#8221;1&#8243; _builder_version=&#8221;4.11.3&#8243; _module_preset=&#8221;default&#8221; custom_padding=&#8221;6px|||||&#8221; global_colors_info=&#8221;{}&#8221;][et_pb_row _builder_version=&#8221;4.11.3&#8243; _dynamic_attributes=&#8221;link_option_url&#8221; _module_preset=&#8221;default&#8221; animation_style=&#8221;fade&#8221; link_option_url=&#8221;@ET-DC@eyJkeW5hbWljIjp0cnVlLCJjb250ZW50IjoicG9zdF9hdXRob3JfdXJsIiwic2V0dGluZ3MiOnt9fQ==@&#8221; global_colors_info=&#8221;{}&#8221;][et_pb_column type=&#8221;4_4&#8243; _builder_version=&#8221;4.11.3&#8243; _module_preset=&#8221;default&#8221; global_colors_info=&#8221;{}&#8221;][et_pb_team_member name=&#8221;Nagy Vanda&#8221; position=&#8221;Sport-specifikus dietetikus \u00e9s Szem\u00e9lyi edz\u0151&#8221; image_url=&#8221;https:\/\/physio-pro.hu\/wp-content\/uploads\/2021\/07\/8C7F67BB-CF03-40EC-B4FA-224415D62C49_1_201_a-1-scaled.jpeg&#8221; _builder_version=&#8221;4.11.4&#8243; _module_preset=&#8221;default&#8221; hover_enabled=&#8221;0&#8243; box_shadow_style_image=&#8221;preset1&#8243; global_colors_info=&#8221;{}&#8221; sticky_enabled=&#8221;0&#8243;]<\/p>\n<p><span>Mindig is \u00e9rdekelt a t\u00e1pl\u00e1lkoz\u00e1s, eg\u00e9szs\u00e9gmeg\u0151rz\u00e9s \u00e9s fejleszt\u00e9s, ez\u00e9rt tanulm\u00e1nyaimat dietetikusk\u00e9nt kezdtem meg a Semmelweis Egyetemen.<br \/>M\u00e1r egyetemi \u00e9veim alatt is \u00f6nk\u00e9nteskedtem a Szent L\u00e1szl\u00f3 K\u00f3rh\u00e1z Gyermekhematol\u00f3giai \u00e9s \u0150ssejt-transzplant\u00e1ci\u00f3s Oszt\u00e1ly\u00e1n, ahol rengeteg hasznos tapasztalattal gazdagodtam. <\/span><\/p>\n<p><span>Diplom\u00e1m megszerz\u00e9s\u00e9t k\u00f6vet\u0151en a Magyar Triatlon Sz\u00f6vets\u00e9gn\u00e9l dolgoztam, aminek k\u00f6sz\u00f6nhet\u0151en a sport vil\u00e1g m\u00e9gk\u00f6zelebb ker\u00fclt hozz\u00e1m, \u00edgy nem volt k\u00e9rd\u00e9s, hogy tanulm\u00e1nyaimat milyen ir\u00e1nyban folytassam. <\/span><\/p>\n<p><span>Magyarorsz\u00e1gon el\u0151sz\u00f6r indul\u00f3 Sport-specifikus dietetika posztgradu\u00e1lis tov\u00e1bbk\u00e9pz\u00e9s\u00e9n tanultam tov\u00e1bb, a Testnevel\u00e9si Egyetemen, majd ezzel p\u00e1rhuzamosan v\u00e9geztem az IWI szem\u00e9lyi edz\u0151 k\u00e9pz\u00e9s\u00e9n. Az\u00f3ta legink\u00e1bb a mag\u00e1n szektorban rekre\u00e1ci\u00f3s \u00e9s \u00e9lsportol\u00f3kat seg\u00edtek a felk\u00e9sz\u00fcl\u00e9s\u00fckben, valamint a s\u00e9r\u00fcl\u00e9sek ut\u00e1ni fel\u00e9p\u00fcl\u00e9sben.<br \/>A mai napig sz\u00e1mos szakir\u00e1ny\u00fa tov\u00e1bbk\u00e9pz\u00e9sen veszek r\u00e9szt, hogy min\u00e9l \u00e1tfog\u00f3bb tud\u00e1st ny\u00fajthassak tan\u00e1csad\u00e1saimon \u00e9s az edz\u00e9seken egyar\u00e1nt.<\/span><\/p>\n<p><span> Szem\u00e9letem alapj\u00e1n a kiegyens\u00falyozott \u00e9s egy\u00e9nre szabott, j\u00f3l be\u00e1ll\u00edtott t\u00e1pl\u00e1lkoz\u00e1s, valamint akt\u00edv \u00e9letm\u00f3d az alapja mindennek. Az \u00e9trend-kieg\u00e9sz\u00edt\u0151k alkalmaz\u00e1sa, pedig ezt hivatott kieg\u00e9sz\u00edteni \u00e9s nem ford\u00edtva. <\/span><\/p>\n<p><span>C\u00e9lom, hogy min\u00e9l \u00e1tfog\u00f3bb t\u00e1mogat\u00e1st ny\u00fajtsak rekre\u00e1ci\u00f3s \u00e9s \u00e9lsportol\u00f3knak a c\u00e9ljaik el\u00e9r\u00e9se \u00e9rdek\u00e9ben, illetve, hogy seg\u00edtsek az em\u00e9szt\u0151rendszeri \u00e9s anyagcsere probl\u00e9m\u00e1kkal k\u00fczd\u0151knek \u00e9s a fogyni v\u00e1gy\u00f3knak.<br \/>Sz\u00e1momra a sikeres egy\u00fcttm\u0171k\u00f6d\u00e9s alapja az \u00e1lland\u00f3 nyomonk\u00f6vet\u00e9s \u00e9s szoros egy\u00fcttm\u0171k\u00f6d\u00e9s.<\/span><\/p>\n<p><span><\/span><\/p>\n<p><span>Tanulm\u00e1nyok:<\/span><\/p>\n<p><span>\u2022 Dietetikus BSc- Semmelweis Egyetem<br \/><\/span><span>\u2022 Sport\u00e1gspecifikus Dietetikus- Testnevel\u00e9si Egyetem <\/span><\/p>\n<p><span><\/span><\/p>\n<p><span>Tov\u00e1bbk\u00e9pz\u00e9sek:<\/span><\/p>\n<p><span>\u2022 Szem\u00e9lyi edz\u0151- International Wellness Institute<br \/><\/span><span>\u2022 Fitness Instruktor- International Wellness Institute<\/span><\/p>\n<p>[\/et_pb_team_member][\/et_pb_column][\/et_pb_row][\/et_pb_section]<\/p>\n","protected":false},"excerpt":{"rendered":"<p>Nagy Vanda Sport-specifikus dietetikus \u00e9s Szem\u00e9lyi&#8230;<\/p>\n","protected":false},"author":2,"featured_media":0,"parent":165,"menu_order":2,"comment_status":"closed","ping_status":"closed","template":"","meta":{"_et_pb_use_builder":"on","_et_pb_old_content":"","_et_gb_content_width":""},"_links":{"self":[{"href":"https:\/\/physio-pro.hu\/index.php\/wp-json\/wp\/v2\/pages\/414"}],"collection":[{"href":"https:\/\/physio-pro.hu\/index.php\/wp-json\/wp\/v2\/pages"}],"about":[{"href":"https:\/\/physio-pro.hu\/index.php\/wp-json\/wp\/v2\/types\/page"}],"author":[{"embeddable":true,"href":"https:\/\/physio-pro.hu\/index.php\/wp-json\/wp\/v2\/users\/2"}],"replies":[{"embeddable":true,"href":"https:\/\/physio-pro.hu\/index.php\/wp-json\/wp\/v2\/comments?post=414"}],"version-history":[{"count":6,"href":"https:\/\/physio-pro.hu\/index.php\/wp-json\/wp\/v2\/pages\/414\/revisions"}],"predecessor-version":[{"id":813,"href":"https:\/\/physio-pro.hu\/index.php\/wp-json\/wp\/v2\/pages\/414\/revisions\/813"}],"up":[{"embeddable":true,"href":"https:\/\/physio-pro.hu\/index.php\/wp-json\/wp\/v2\/pages\/165"}],"wp:attachment":[{"href":"https:\/\/physio-pro.hu\/index.php\/wp-json\/wp\/v2\/media?parent=414"}],"curies":[{"name":"wp","href":"https:\/\/api.w.org\/{rel}","templated":true}]}}