{"id":401,"date":"2021-10-16T17:56:58","date_gmt":"2021-10-16T17:56:58","guid":{"rendered":"https:\/\/physio-pro.hu\/?page_id=401"},"modified":"2023-01-29T19:03:23","modified_gmt":"2023-01-29T19:03:23","slug":"bemutatkozas-ka","status":"publish","type":"page","link":"https:\/\/physio-pro.hu\/index.php\/rolunk-2\/bemutatkozas-ka\/","title":{"rendered":"Bemutatkoz\u00e1s"},"content":{"rendered":"<p>[et_pb_section fb_built=&#8221;1&#8243; _builder_version=&#8221;4.16&#8243; _module_preset=&#8221;default&#8221; global_colors_info=&#8221;{}&#8221;][et_pb_row _builder_version=&#8221;4.16&#8243; _dynamic_attributes=&#8221;link_option_url&#8221; _module_preset=&#8221;default&#8221; animation_style=&#8221;fade&#8221; link_option_url=&#8221;@ET-DC@eyJkeW5hbWljIjp0cnVlLCJjb250ZW50IjoicG9zdF9hdXRob3JfdXJsIiwic2V0dGluZ3MiOnt9fQ==@&#8221; global_colors_info=&#8221;{}&#8221;][et_pb_column type=&#8221;4_4&#8243; _builder_version=&#8221;4.16&#8243; _module_preset=&#8221;default&#8221; global_colors_info=&#8221;{}&#8221;][et_pb_team_member name=&#8221;Kriv\u00e1n Andr\u00e1s&#8221; position=&#8221;Gy\u00f3gytorn\u00e1sz \u00e9s Er\u0151nl\u00e9ti edz\u0151&#8221; image_url=&#8221;https:\/\/physio-pro.hu\/wp-content\/uploads\/2021\/07\/84B370CF-7DA7-4C91-B676-77821A8E5E8A_1_201_a-scaled.jpeg&#8221; _builder_version=&#8221;4.16&#8243; _module_preset=&#8221;default&#8221; box_shadow_style_image=&#8221;preset1&#8243; global_colors_info=&#8221;{}&#8221;]<\/p>\n<p><span>2018-ban v\u00e9geztem a SOTE-n Gy\u00f3gytorn\u00e1szk\u00e9nt. Egyetemi \u00e9veimet a tanulm\u00e1nyaim mellett az orsz\u00e1g\u00fati ker\u00e9kp\u00e1roz\u00e1s hat\u00e1rozta meg, amiben siker\u00fclt Continent\u00e1lis szint\u0171 csapatba eljutnom (Pannon Cycling Team), illetve t\u00f6bbsz\u00f6r\u00f6s magyar v\u00e1logatott\u00e1 v\u00e1lnom, \u00e9s t\u00f6bbek k\u00f6z\u00f6tt a Tour de Hongrie-t is teljes\u00edtenem 3 alkalommal. Egyetemi \u00e9veim ut\u00e1n teljes energiabedob\u00e1ssal a mozg\u00e1sszervi rehabilit\u00e1ci\u00f3ra \u00e9s teljes\u00edtm\u00e9nyfokoz\u00e1sra \u00f6sszpontos\u00edtottam, ez\u00e9rt 1 \u00e9vig \u00f6nk\u00e9ntesk\u00e9nt az Orsz\u00e1gos Orvosi Rehabilit\u00e1ci\u00f3s Int\u00e9zet Traumatol\u00f3giai Oszt\u00e1ly\u00e1n dolgoztam. Szakmai fejl\u0151d\u00e9sem \u00e9rdek\u00e9ben tanulm\u00e1nyaimat Fizioter\u00e1pia mesterk\u00e9pz\u00e9sen folytattam \u00e9s sz\u00e1mos szakir\u00e1ny\u00fa k\u00e9pz\u00e9sen, tanfolyamon veszek r\u00e9szt a ami napig. A 10 \u00e9v atl\u00e9tikai \u00e9s 6 \u00e9v ker\u00e9kp\u00e1ros m\u00faltamnak k\u00f6sz\u00f6nhet\u0151en a ciklikus \u00e1ll\u00f3k\u00e9pess\u00e9gi sportok, \u00e9s az azokb\u00f3l fakad\u00f3 t\u00falterhel\u00e9ses s\u00e9r\u00fcl\u00e9sek megel\u0151z\u00e9se, elker\u00fcl\u00e9se \u00e9rdekelnek a legjobban. V\u00e9lem\u00e9nyem szerint a s\u00e9r\u00fcl\u00e9sek m\u0171t\u00e9ti kezel\u00e9s\u00e9t k\u00f6vet\u0151 akut id\u0151szak gy\u00f3gytorn\u00e1ja \u00e9s egy profi sportol\u00f3 er\u0151nl\u00e9ti edz\u00e9se is egy spektrumon helyezkedik el, csak teljesen m\u00e1s szinten. C\u00e9lom, hogy az eg\u00e9sz spektrumot szakszer\u0171en \u00e1tl\u00e1ssam, egys\u00e9gben kezeljem, a lehet\u0151 leggyorsabban, az egy\u00e9ni fizikai \u00e9s \u00e9lettani lehet\u0151s\u00e9gekhez adapt\u00e1lva.<\/span><\/p>\n<p><span><\/span><\/p>\n<p><span>Tanulm\u00e1nyok: <\/span><\/p>\n<p><span>\u2022 Gy\u00f3gytorn\u00e1sz BSc \u2013 Semmelweis Egyetem<br \/><\/span><span>\u2022 Gy\u00f3gytorn\u00e1sz-fizioterapeuta MSc \u2013 Semmelweis Egyetem <\/span><\/p>\n<p><span>Tov\u00e1bbk\u00e9pz\u00e9sek:<br \/><\/span><\/p>\n<p><span>\u2022 Performance Enhancement Specialist\u2013 National Academy of Sports Medicine<br \/>\u2022 Certified Functional Strength Coach Level I-II.<br \/>\u2022 Er\u0151nl\u00e9ti edz\u0151 \u2013 International Wellness Institute<br \/>\u2022 Szem\u00e9lyi Edz\u0151 \u2013 International Wellness Institute<br \/>\u2022 Sportrehabilit\u00e1ci\u00f3s specialista \u2013 International Wellness Institute<br \/>\u2022 Mulligan Koncepci\u00f3- Modul 1<br \/>\u2022 Maitland koncepci\u00f3 szerinti- ortop\u00e9diai manu\u00e1lter\u00e1pia, 1-es szint<br \/>\u2022 McKenzie Mechanikai Diagn\u00f3zis \u00e9s ter\u00e1pia \u201eA\u201d<br \/>\u2022 Neurodinamika<br \/>\u2022 Funkcion\u00e1lis tr\u00e9ning alkalmaz\u00e1sa a ter\u00e1pi\u00e1ban \u00e9s a sportrehabilit\u00e1ci\u00f3ban- R-med, MGYFT<br \/><\/span><span><\/span><span><\/span><span><\/span><span><\/span><span><\/span><span><\/span><span><\/span><span><\/span><span><\/span><span><\/span><span>\u2022 Fascia Disztorzi\u00f3s modell Modul 1 -EFDMA<br \/>\u2022 Functional Movement Screening I-II<br \/>\u2022 FMT Level I \u2013 Thor Academy<br \/>\u2022 Funkci\u00f3, Fitts\u00e9g, Teljes\u00edtm\u00e9ny &#8211; Thor Academy<br \/>\u2022 Medical Flossing<br \/>\u2022 TRX Suspension Training Course<br \/>\u2022 Kinezio Tape tanfolyam<\/span><\/p>\n<p>[\/et_pb_team_member][\/et_pb_column][\/et_pb_row][\/et_pb_section]<\/p>\n","protected":false},"excerpt":{"rendered":"<p>Kriv\u00e1n Andr\u00e1s Gy\u00f3gytorn\u00e1sz \u00e9s Er\u0151nl\u00e9ti edz\u0151 2018-ban&#8230;<\/p>\n","protected":false},"author":2,"featured_media":0,"parent":165,"menu_order":2,"comment_status":"closed","ping_status":"closed","template":"","meta":{"_et_pb_use_builder":"on","_et_pb_old_content":"","_et_gb_content_width":""},"_links":{"self":[{"href":"https:\/\/physio-pro.hu\/index.php\/wp-json\/wp\/v2\/pages\/401"}],"collection":[{"href":"https:\/\/physio-pro.hu\/index.php\/wp-json\/wp\/v2\/pages"}],"about":[{"href":"https:\/\/physio-pro.hu\/index.php\/wp-json\/wp\/v2\/types\/page"}],"author":[{"embeddable":true,"href":"https:\/\/physio-pro.hu\/index.php\/wp-json\/wp\/v2\/users\/2"}],"replies":[{"embeddable":true,"href":"https:\/\/physio-pro.hu\/index.php\/wp-json\/wp\/v2\/comments?post=401"}],"version-history":[{"count":10,"href":"https:\/\/physio-pro.hu\/index.php\/wp-json\/wp\/v2\/pages\/401\/revisions"}],"predecessor-version":[{"id":909,"href":"https:\/\/physio-pro.hu\/index.php\/wp-json\/wp\/v2\/pages\/401\/revisions\/909"}],"up":[{"embeddable":true,"href":"https:\/\/physio-pro.hu\/index.php\/wp-json\/wp\/v2\/pages\/165"}],"wp:attachment":[{"href":"https:\/\/physio-pro.hu\/index.php\/wp-json\/wp\/v2\/media?parent=401"}],"curies":[{"name":"wp","href":"https:\/\/api.w.org\/{rel}","templated":true}]}}

Bemutatkozás

<p>[et_pb_section fb_built=&#8221;1&#8243; _builder_version=&#8221;4.16&#8243; _module_preset=&#8221;default&#8221; global_colors_info=&#8221;{}&#8221;][et_pb_row _builder_version=&#8221;4.16&#8243; _dynamic_attributes=&#8221;link_option_url&#8221; _module_preset=&#8221;default&#8221; animation_style=&#8221;fade&#8221; link_option_url=&#8221;@ET-DC@eyJkeW5hbWljIjp0cnVlLCJjb250ZW50IjoicG9zdF9hdXRob3JfdXJsIiwic2V0dGluZ3MiOnt9fQ==@&#8221; global_colors_info=&#8221;{}&#8221;][et_pb_column type=&#8221;4_4&#8243; _builder_version=&#8221;4.16&#8243; _module_preset=&#8221;default&#8221; global_colors_info=&#8221;{}&#8221;][et_pb_team_member name=&#8221;Kriván András&#8221; position=&#8221;Gyógytornász és Erőnléti edző&#8221; image_url=&#8221;https://physio-pro.hu/wp-content/uploads/2021/07/84B370CF-7DA7-4C91-B676-77821A8E5E8A_1_201_a-scaled.jpeg&#8221; _builder_version=&#8221;4.16&#8243; _module_preset=&#8221;default&#8221; box_shadow_style_image=&#8221;preset1&#8243; global_colors_info=&#8221;{}&#8221;]</p>
<p><span>2018-ban végeztem a SOTE-n Gyógytornászként. Egyetemi éveimet a tanulmányaim mellett az országúti kerékpározás határozta meg, amiben sikerült Continentális szintű csapatba eljutnom (Pannon Cycling Team), illetve többszörös magyar válogatottá válnom, és többek között a Tour de Hongrie-t is teljesítenem 3 alkalommal. Egyetemi éveim után teljes energiabedobással a mozgásszervi rehabilitációra és teljesítményfokozásra összpontosítottam, ezért 1 évig önkéntesként az Országos Orvosi Rehabilitációs Intézet Traumatológiai Osztályán dolgoztam. Szakmai fejlődésem érdekében tanulmányaimat Fizioterápia mesterképzésen folytattam és számos szakirányú képzésen, tanfolyamon veszek részt a ami napig. A 10 év atlétikai és 6 év kerékpáros múltamnak köszönhetően a ciklikus állóképességi sportok, és az azokból fakadó túlterheléses sérülések megelőzése, elkerülése érdekelnek a legjobban. Véleményem szerint a sérülések műtéti kezelését követő akut időszak gyógytornája és egy profi sportoló erőnléti edzése is egy spektrumon helyezkedik el, csak teljesen más szinten. Célom, hogy az egész spektrumot szakszerűen átlássam, egységben kezeljem, a lehető leggyorsabban, az egyéni fizikai és élettani lehetőségekhez adaptálva.</span></p>
<p><span></span></p>
<p><span>Tanulmányok: </span></p>
<p><span>• Gyógytornász BSc – Semmelweis Egyetem<br /></span><span>• Gyógytornász-fizioterapeuta MSc – Semmelweis Egyetem </span></p>
<p><span>Továbbképzések:<br /></span></p>
<p><span>• Performance Enhancement Specialist– National Academy of Sports Medicine<br />• Certified Functional Strength Coach Level I-II.<br />• Erőnléti edző – International Wellness Institute<br />• Személyi Edző – International Wellness Institute<br />• Sportrehabilitációs specialista – International Wellness Institute<br />• Mulligan Koncepció- Modul 1<br />• Maitland koncepció szerinti- ortopédiai manuálterápia, 1-es szint<br />• McKenzie Mechanikai Diagnózis és terápia „A”<br />• Neurodinamika<br />• Funkcionális tréning alkalmazása a terápiában és a sportrehabilitációban- R-med, MGYFT<br /></span><span></span><span></span><span></span><span></span><span></span><span></span><span></span><span></span><span></span><span></span><span>• Fascia Disztorziós modell Modul 1 -EFDMA<br />• Functional Movement Screening I-II<br />• FMT Level I – Thor Academy<br />• Funkció, Fittség, Teljesítmény &#8211; Thor Academy<br />• Medical Flossing<br />• TRX Suspension Training Course<br />• Kinezio Tape tanfolyam</span></p>
<p>[/et_pb_team_member][/et_pb_column][/et_pb_row][/et_pb_section]</p>

<p>Kriván András Gyógytornász és Erőnléti edző 2018-ban&#8230;</p>
